atest common divisor of 39 and 19156197?
3
Calculate the greatest common factor of 46960146 and 18.
18
What is the greatest common divisor of 7193440 and 880?
80
What is the highest common factor of 412721 and 103?
103
What is the highest common divisor of 161488644 and 6170?
1234
What is the greatest common factor of 1075 and 17464880?
215
Calculate the greatest common factor of 3950 and 27887.
79
What is the highest common divisor of 796 and 139452?
4
Calculate the highest common divisor of 20268 and 105281.
563
What is the highest common factor of 2781 and 12755826?
27
Calculate the greatest common divisor of 1770390 and 968382.
4266
Calculate the highest common factor of 230967 and 594.
99
What is the highest common factor of 2315030 and 10?
10
Calculate the highest common factor of 266669 and 89206.
949
What is the highest common factor of 28676 and 286638127?
7169
Calculate the greatest common factor of 75445 and 1864160.
955
What is the highest common factor of 11 and 274769?
11
What is the greatest common factor of 377337 and 36354?
219
What is the highest common factor of 1367999 and 651?
31
Calculate the highest common factor of 282672 and 23937426.
2718
Calculate the highest common divisor of 610 and 3749540.
10
Calculate the highest common factor of 193028 and 11556.
428
Calculate the highest common factor of 1920 and 5302400.
640
What is the greatest common divisor of 17535 and 92715?
105
What is the greatest common divisor of 5220 and 1451139120?
5220
What is the greatest common divisor of 345 and 41099735?
115
Calculate the highest common divisor of 15432550 and 490.
490
What is the highest common divisor of 202332 and 1196?
52
What is the highest common divisor of 100386 and 61490?
286
What is the highest common factor of 5076 and 2185688?
188
Calculate the greatest common factor of 11509043 and 91.
91
What is the highest common divisor of 454938795 and 837?
837
What is the greatest common divisor of 3006510 and 390?
390
Calculate the highest common factor of 99 and 38842243.
11
Calculate the highest common divisor of 1097318 and 87168.
454
What is the greatest common divisor of 47940 and 2159?
17
What is the greatest common factor of 7906 and 1048014?
134
Calculate the highest common factor of 32476140 and 1080.
540
What is the highest common divisor of 1100 and 2897620?
220
What is the highest common divisor of 550 and 89506450?
550
Calculate the highest common divisor of 2548 and 51100.
28
Calculate the greatest common divisor of 7596 and 3582147.
633
What is the greatest common divisor of 24626079 and 954?
477
What is the highest common divisor of 2585 and 47799?
47
Calculate the highest common factor of 6351 and 43317835.
73
What is the highest common factor of 115253600 and 13200?
4400
Calculate the greatest common divisor of 161112493 and 287.
41
What is the greatest common factor of 33123 and 4218882?
183
What is the greatest common factor of 55863 and 1764857?
2069
Calculate the greatest common divisor of 28 and 12332761.
7
Calculate the highest common divisor of 11750 and 481045.
235
What is the highest common divisor of 23949888 and 768?
192
Calculate the highest common factor of 1596 and 215222196.
1596
Calculate the highest common factor of 86494313 and 68752.
4297
Calculate the highest common divisor of 439181209 and 3832.
479
Calculate the greatest common factor of 20826 and 21351278.
2314
What is the greatest common divisor of 22655 and 1901?
1
Calculate the greatest common factor of 12482898 and 1853.
109
Calculate the highest common factor of 26533392 and 2848.
1424
What is the highest common factor of 1548452790 and 2666?
2666
Calculate the highest common factor of 891646 and 70.
14
What is the highest common factor of 7749 and 17754066?
1107
Calculate the greatest common factor of 504 and 11072880.
504
Calculate the greatest common factor of 5430734 and 6.
2
Calculate the highest common divisor of 65 and 39259.
1
Calculate the greatest common divisor of 348 and 34182590.
58
Calculate the greatest common divisor of 1600 and 2256400.
400
Calculate the highest common divisor of 3215 and 22817498.
643
What is the highest common factor of 27 and 1454052807?
9
What is the greatest common factor of 523755 and 206?
103
What is the highest common factor of 37145 and 27965?
85
What is the greatest common divisor of 8996633 and 190?
19
Calculate the greatest common factor of 127 and 20821650.
127
Calculate the highest common factor of 1091929 and 417973.
97
Calculate the greatest common factor of 280 and 130565560.
40
Calculate the highest common factor of 41340 and 7572.
12
Calculate the highest common divisor of 3297 and 141955004.
157
Calculate the greatest common factor of 928 and 292576.
32
What is the greatest common divisor of 3064414 and 74?
74
What is the greatest common factor of 34224320 and 960?
320
Calculate the greatest common factor of 1073 and 28094359.
1073
What is the greatest common divisor of 18657955 and 10?
5
Calculate the greatest common divisor of 28119 and 1139489.
1339
Calculate the highest common divisor of 1753318 and 28714.
98
Calculate the highest common factor of 3281224 and 2280.
152
What is the greatest common divisor of 318895 and 3122398?
2773
What is the greatest common divisor of 4 and 1154204?
4
What is the greatest common factor of 1152955689 and 2518?
1259
What is the greatest common factor of 251778 and 315114?
174
What is the greatest common factor of 1732224 and 663?
39
What is the highest common divisor of 2295133 and 175894?
2837
What is the highest common divisor of 433617750 and 955?
955
What is the greatest common factor of 175 and 39739140?
35
What is the highest common factor of 2955 and 67672455?
2955
Calculate the highest common divisor of 724758 and 3128478.
3642
Calculate the highest common factor of 4480 and 27118.
14
Calculate the greatest common factor of 759 and 4364871.
69
What is the highest common divisor of 16881742 and 188?
94
Calculate the highest common divisor of 2528 and 116665936.
1264
What is the greatest common divisor of 1763951 and 56?
7
What is the greatest common factor of 6888 and 1392524?
1148
What is the highest common divisor of 80 and 22936336?
16
What is the highest common divisor of 128729764 and 488?
244
Calculate the highest common factor of 15988 and 14728.
28
What is the highest common divisor of 5248 and 5949100?
164
Calculate the highest common factor of 12701580 and 19560.
60
What is the highest common divisor of 3394324 and 47019?
2239
Calculate the greatest common divisor of 36028962 and 241947.
2349
Calculate the highest common divisor of 4905 and 813031.
109
Calculate the greatest common factor of 18 and 270617661.
9
Calculate the highest common factor of 468553 and 378566.
3103
Calculate the greatest common divisor of 68289 and 1641588.
663
What is the highest common divisor of 24 and 1087635576?
24
What is the highest common factor of 1134 and 455322?
42
Calculate the greatest common divisor of 7348 and 17363658.
334
Calculate the greatest common factor of 381657 and 4425.
3
Calculate the greatest common factor of 67085973 and 20889.
1899
Calculate the highest common divisor of 324 and 78644844.
324
Calculate the highest common divisor of 89 and 201307.
1
Calculate the greatest common divisor of 6622 and 8706038.
946
What is the highest common divisor of 108 and 6537159?
27
What is the highest common factor of 1764 and 9733164?
588
What is the greatest common divisor of 12799659 and 948?
237
What is the highest common factor of 9045 and 64129385?
335
What is the greatest common factor of 58941 and 1879600?
37
Calculate the greatest common factor of 599797 and 4961.
121
Calculate the greatest common divisor of 202950 and 314757.
369
What is the highest common factor of 2586891 and 3?
3
What is the highest common divisor of 965068 and 8788390?
1742
What is the highest common factor of 3332684 and 196?
4
What is the greatest common factor of 476135 and 24397?
787
What is the highest common divisor of 396223308 and 156?
156
Calculate the highest common factor of 39 and 177729.
3
Calculate the greatest common factor of 15 and 113500875.
15
Calculate the greatest common factor of 26688033 and 783.
261
What is the highest common